{"id":80,"date":"2016-07-11T17:54:42","date_gmt":"2016-07-11T17:54:42","guid":{"rendered":"http:\/\/ilcaffedelprofessore.it\/?page_id=80"},"modified":"2016-11-28T16:04:01","modified_gmt":"2016-11-28T16:04:01","slug":"luomo-del-caffe","status":"publish","type":"page","link":"https:\/\/ilcaffedelprofessore.it\/en\/storia\/luomo-del-caffe\/","title":{"rendered":"The coffee man"},"content":{"rendered":"<p style=\"text-align: justify;\"><img loading=\"lazy\" decoding=\"async\" class=\"alignnone wp-image-181 size-full\" src=\"http:\/\/ilcaffedelprofessore.it\/wp-content\/uploads\/2016\/07\/storia_uomo_caffe_INT.jpg\" alt=\"storia_uomo_caffe_INT\" width=\"1690\" height=\"198\" srcset=\"https:\/\/ilcaffedelprofessore.it\/ripristino\/wp-content\/uploads\/2016\/07\/storia_uomo_caffe_INT.jpg 1690w, https:\/\/ilcaffedelprofessore.it\/ripristino\/wp-content\/uploads\/2016\/07\/storia_uomo_caffe_INT-300x35.jpg 300w, https:\/\/ilcaffedelprofessore.it\/ripristino\/wp-content\/uploads\/2016\/07\/storia_uomo_caffe_INT-768x90.jpg 768w, https:\/\/ilcaffedelprofessore.it\/ripristino\/wp-content\/uploads\/2016\/07\/storia_uomo_caffe_INT-1024x120.jpg 1024w, https:\/\/ilcaffedelprofessore.it\/ripristino\/wp-content\/uploads\/2016\/07\/storia_uomo_caffe_INT-600x70.jpg 600w\" sizes=\"auto, (max-width: 1690px) 100vw, 1690px\" \/><\/p>\n<p style=\"text-align: justify;\">Nunzio Termini consecrated his whole life to the Company that he named after him, &#8220;Moka Termini&#8221;. He went a long way from opening an old fashioned coffee bar in the 1930s, to achieving a huge industrial plant in the modern Palermo. Then, when he reached the age we usually think good for retiring, after a lifetime entirely dedicated to his Company, he devoted himself to making a dream come true. At the age of seventy, this coffee artist went on the grand journey to Brazil. He paid a visit to those coffee plantations he had purchased raw beans from for decades. He went to select personally, bean by bean, the blend destined to be his masterpiece. The &#8220;Caff\u00e8 del Professore&#8221; outstanding coffee blend was about to be born. In Brazil, he used to spend the whole day observing coffee plants. A particular kind of bean, that grew higher on the plant, drew his attention. Coffee beans usually come in pairs: these special ones were lonely in their pod, having a rounder shape. Natives called that bean &#8220;Caracolito&#8221;, a name that has music in itself&#8230; Those beans owned that particular fragrance, taste and energy that were to give &#8220;Caff\u00e8 del Professore&#8221; its unique &#8220;aroma&#8221;. Mister Termini went back to Palermo carrying hundreds of samples, each labeled and classified. The hardest work was yet to begin. In his wonderful &#8220;villa&#8221; in San Martino delle Scale, a few hills away from his beloved Palermo, Mister Termini weighted, blended and toasted his precious beans and carried them personally at his coffee bar, the ancient one close to the Vucciria Market, the morning after to have them served. His attempts were unnumbered and many (clients, employees, friends) had a chance to express their opinion. It took him two years to achieve perfection. A masterpiece of coffee was born: &#8220;Caff\u00e8 del Professore&#8221;.<\/p>","protected":false},"excerpt":{"rendered":"<p>Nunzio Termini consecrated his whole life to the Company that he named after him, &#8220;Moka Termini&#8221;. He went a long way from opening an old fashioned coffee bar in the 1930s, to achieving a huge industrial plant in the modern Palermo. Then, when he reached the age we usually think good for retiring, after a [&hellip;]<\/p>\n","protected":false},"author":2,"featured_media":0,"parent":8,"menu_order":0,"comment_status":"closed","ping_status":"closed","template":"","meta":{"footnotes":""},"class_list":["post-80","page","type-page","status-publish","hentry"],"yoast_head":"<!-- This site is optimized with the Yoast SEO plugin v23.3 - https:\/\/yoast.com\/wordpress\/plugins\/seo\/ -->\n<title>Caff\u00e8 del Professore - Storia - L&#039;uomo del caff\u00e8<\/title>\n<meta name=\"description\" content=\"Nunzio Termini dedic\u00f2 tutta la vita all&#039;azienda che ancora oggi porta il suo nome, Moka Termini.\" \/>\n<meta name=\"robots\" content=\"index, follow, max-snippet:-1, max-image-preview:large, max-video-preview:-1\" \/>\n<link rel=\"canonical\" href=\"https:\/\/ilcaffedelprofessore.it\/storia\/luomo-del-caffe\/\" \/>\n<meta property=\"og:locale\" content=\"en_US\" \/>\n<meta property=\"og:type\" content=\"article\" \/>\n<meta property=\"og:title\" content=\"Caff\u00e8 del Professore - Storia - L&#039;uomo del caff\u00e8\" \/>\n<meta property=\"og:description\" content=\"Nunzio Termini dedic\u00f2 tutta la vita all&#039;azienda che ancora oggi porta il suo nome, Moka Termini.\" \/>\n<meta property=\"og:url\" content=\"https:\/\/ilcaffedelprofessore.it\/storia\/luomo-del-caffe\/\" \/>\n<meta property=\"og:site_name\" content=\"Caff\u00e8 del Professore Italy\" \/>\n<meta property=\"article:publisher\" content=\"https:\/\/www.facebook.com\/caffedelprofessoreitalia\" \/>\n<meta property=\"article:modified_time\" content=\"2016-11-28T16:04:01+00:00\" \/>\n<meta property=\"og:image\" content=\"http:\/\/ilcaffedelprofessore.it\/wp-content\/uploads\/2016\/07\/storia_uomo_caffe_INT.jpg\" \/>\n<meta name=\"twitter:card\" content=\"summary_large_image\" \/>\n<meta name=\"twitter:label1\" content=\"Est. reading time\" \/>\n\t<meta name=\"twitter:data1\" content=\"4 minutes\" \/>\n<script type=\"application\/ld+json\" class=\"yoast-schema-graph\">{\"@context\":\"https:\/\/schema.org\",\"@graph\":[{\"@type\":\"WebPage\",\"@id\":\"https:\/\/ilcaffedelprofessore.it\/storia\/luomo-del-caffe\/\",\"url\":\"https:\/\/ilcaffedelprofessore.it\/storia\/luomo-del-caffe\/\",\"name\":\"Caff\u00e8 del Professore - Storia - L'uomo del caff\u00e8\",\"isPartOf\":{\"@id\":\"https:\/\/ilcaffedelprofessore.it\/en\/#website\"},\"primaryImageOfPage\":{\"@id\":\"https:\/\/ilcaffedelprofessore.it\/storia\/luomo-del-caffe\/#primaryimage\"},\"image\":{\"@id\":\"https:\/\/ilcaffedelprofessore.it\/storia\/luomo-del-caffe\/#primaryimage\"},\"thumbnailUrl\":\"http:\/\/ilcaffedelprofessore.it\/wp-content\/uploads\/2016\/07\/storia_uomo_caffe_INT.jpg\",\"datePublished\":\"2016-07-11T17:54:42+00:00\",\"dateModified\":\"2016-11-28T16:04:01+00:00\",\"description\":\"Nunzio Termini dedic\u00f2 tutta la vita all'azienda che ancora oggi porta il suo nome, Moka Termini.\",\"breadcrumb\":{\"@id\":\"https:\/\/ilcaffedelprofessore.it\/storia\/luomo-del-caffe\/#breadcrumb\"},\"inLanguage\":\"en-US\",\"potentialAction\":[{\"@type\":\"ReadAction\",\"target\":[\"https:\/\/ilcaffedelprofessore.it\/storia\/luomo-del-caffe\/\"]}]},{\"@type\":\"ImageObject\",\"inLanguage\":\"en-US\",\"@id\":\"https:\/\/ilcaffedelprofessore.it\/storia\/luomo-del-caffe\/#primaryimage\",\"url\":\"http:\/\/ilcaffedelprofessore.it\/wp-content\/uploads\/2016\/07\/storia_uomo_caffe_INT.jpg\",\"contentUrl\":\"http:\/\/ilcaffedelprofessore.it\/wp-content\/uploads\/2016\/07\/storia_uomo_caffe_INT.jpg\"},{\"@type\":\"BreadcrumbList\",\"@id\":\"https:\/\/ilcaffedelprofessore.it\/storia\/luomo-del-caffe\/#breadcrumb\",\"itemListElement\":[{\"@type\":\"ListItem\",\"position\":1,\"name\":\"Home\",\"item\":\"https:\/\/ilcaffedelprofessore.it\/\"},{\"@type\":\"ListItem\",\"position\":2,\"name\":\"Background\",\"item\":\"https:\/\/ilcaffedelprofessore.it\/en\/storia\/\"},{\"@type\":\"ListItem\",\"position\":3,\"name\":\"L&#8217;uomo del caff\u00e8\"}]},{\"@type\":\"WebSite\",\"@id\":\"https:\/\/ilcaffedelprofessore.it\/en\/#website\",\"url\":\"https:\/\/ilcaffedelprofessore.it\/en\/\",\"name\":\"Caff\u00e8 del Professore Italy\",\"description\":\"Coffee industry\",\"potentialAction\":[{\"@type\":\"SearchAction\",\"target\":{\"@type\":\"EntryPoint\",\"urlTemplate\":\"https:\/\/ilcaffedelprofessore.it\/en\/?s={search_term_string}\"},\"query-input\":\"required name=search_term_string\"}],\"inLanguage\":\"en-US\"}]}<\/script>\n<!-- \/ Yoast SEO plugin. -->","yoast_head_json":{"title":"Caff\u00e8 del Professore - Storia - L'uomo del caff\u00e8","description":"Nunzio Termini dedic\u00f2 tutta la vita all'azienda che ancora oggi porta il suo nome, Moka Termini.","robots":{"index":"index","follow":"follow","max-snippet":"max-snippet:-1","max-image-preview":"max-image-preview:large","max-video-preview":"max-video-preview:-1"},"canonical":"https:\/\/ilcaffedelprofessore.it\/storia\/luomo-del-caffe\/","og_locale":"en_US","og_type":"article","og_title":"Caff\u00e8 del Professore - Storia - L'uomo del caff\u00e8","og_description":"Nunzio Termini dedic\u00f2 tutta la vita all'azienda che ancora oggi porta il suo nome, Moka Termini.","og_url":"https:\/\/ilcaffedelprofessore.it\/storia\/luomo-del-caffe\/","og_site_name":"Caff\u00e8 del Professore Italy","article_publisher":"https:\/\/www.facebook.com\/caffedelprofessoreitalia","article_modified_time":"2016-11-28T16:04:01+00:00","og_image":[{"url":"http:\/\/ilcaffedelprofessore.it\/wp-content\/uploads\/2016\/07\/storia_uomo_caffe_INT.jpg"}],"twitter_card":"summary_large_image","twitter_misc":{"Est. reading time":"4 minutes"},"schema":{"@context":"https:\/\/schema.org","@graph":[{"@type":"WebPage","@id":"https:\/\/ilcaffedelprofessore.it\/storia\/luomo-del-caffe\/","url":"https:\/\/ilcaffedelprofessore.it\/storia\/luomo-del-caffe\/","name":"Caff\u00e8 del Professore - Storia - L'uomo del caff\u00e8","isPartOf":{"@id":"https:\/\/ilcaffedelprofessore.it\/en\/#website"},"primaryImageOfPage":{"@id":"https:\/\/ilcaffedelprofessore.it\/storia\/luomo-del-caffe\/#primaryimage"},"image":{"@id":"https:\/\/ilcaffedelprofessore.it\/storia\/luomo-del-caffe\/#primaryimage"},"thumbnailUrl":"http:\/\/ilcaffedelprofessore.it\/wp-content\/uploads\/2016\/07\/storia_uomo_caffe_INT.jpg","datePublished":"2016-07-11T17:54:42+00:00","dateModified":"2016-11-28T16:04:01+00:00","description":"Nunzio Termini dedic\u00f2 tutta la vita all'azienda che ancora oggi porta il suo nome, Moka Termini.","breadcrumb":{"@id":"https:\/\/ilcaffedelprofessore.it\/storia\/luomo-del-caffe\/#breadcrumb"},"inLanguage":"en-US","potentialAction":[{"@type":"ReadAction","target":["https:\/\/ilcaffedelprofessore.it\/storia\/luomo-del-caffe\/"]}]},{"@type":"ImageObject","inLanguage":"en-US","@id":"https:\/\/ilcaffedelprofessore.it\/storia\/luomo-del-caffe\/#primaryimage","url":"http:\/\/ilcaffedelprofessore.it\/wp-content\/uploads\/2016\/07\/storia_uomo_caffe_INT.jpg","contentUrl":"http:\/\/ilcaffedelprofessore.it\/wp-content\/uploads\/2016\/07\/storia_uomo_caffe_INT.jpg"},{"@type":"BreadcrumbList","@id":"https:\/\/ilcaffedelprofessore.it\/storia\/luomo-del-caffe\/#breadcrumb","itemListElement":[{"@type":"ListItem","position":1,"name":"Home","item":"https:\/\/ilcaffedelprofessore.it\/"},{"@type":"ListItem","position":2,"name":"Background","item":"https:\/\/ilcaffedelprofessore.it\/en\/storia\/"},{"@type":"ListItem","position":3,"name":"L&#8217;uomo del caff\u00e8"}]},{"@type":"WebSite","@id":"https:\/\/ilcaffedelprofessore.it\/en\/#website","url":"https:\/\/ilcaffedelprofessore.it\/en\/","name":"Caff\u00e8 del Professore Italy","description":"Coffee industry","potentialAction":[{"@type":"SearchAction","target":{"@type":"EntryPoint","urlTemplate":"https:\/\/ilcaffedelprofessore.it\/en\/?s={search_term_string}"},"query-input":"required name=search_term_string"}],"inLanguage":"en-US"}]}},"_links":{"self":[{"href":"https:\/\/ilcaffedelprofessore.it\/en\/wp-json\/wp\/v2\/pages\/80","targetHints":{"allow":["GET"]}}],"collection":[{"href":"https:\/\/ilcaffedelprofessore.it\/en\/wp-json\/wp\/v2\/pages"}],"about":[{"href":"https:\/\/ilcaffedelprofessore.it\/en\/wp-json\/wp\/v2\/types\/page"}],"author":[{"embeddable":true,"href":"https:\/\/ilcaffedelprofessore.it\/en\/wp-json\/wp\/v2\/users\/2"}],"replies":[{"embeddable":true,"href":"https:\/\/ilcaffedelprofessore.it\/en\/wp-json\/wp\/v2\/comments?post=80"}],"version-history":[{"count":6,"href":"https:\/\/ilcaffedelprofessore.it\/en\/wp-json\/wp\/v2\/pages\/80\/revisions"}],"predecessor-version":[{"id":182,"href":"https:\/\/ilcaffedelprofessore.it\/en\/wp-json\/wp\/v2\/pages\/80\/revisions\/182"}],"up":[{"embeddable":true,"href":"https:\/\/ilcaffedelprofessore.it\/en\/wp-json\/wp\/v2\/pages\/8"}],"wp:attachment":[{"href":"https:\/\/ilcaffedelprofessore.it\/en\/wp-json\/wp\/v2\/media?parent=80"}],"curies":[{"name":"wp","href":"https:\/\/api.w.org\/{rel}","templated":true}]}}

<p style="text-align: justify;"><img loading="lazy" decoding="async" class="alignnone wp-image-181 size-full" src="http://ilcaffedelprofessore.it/wp-content/uploads/2016/07/storia_uomo_caffe_INT.jpg" alt="storia_uomo_caffe_INT" width="1690" height="198" srcset="https://ilcaffedelprofessore.it/ripristino/wp-content/uploads/2016/07/storia_uomo_caffe_INT.jpg 1690w, https://ilcaffedelprofessore.it/ripristino/wp-content/uploads/2016/07/storia_uomo_caffe_INT-300x35.jpg 300w, https://ilcaffedelprofessore.it/ripristino/wp-content/uploads/2016/07/storia_uomo_caffe_INT-768x90.jpg 768w, https://ilcaffedelprofessore.it/ripristino/wp-content/uploads/2016/07/storia_uomo_caffe_INT-1024x120.jpg 1024w, https://ilcaffedelprofessore.it/ripristino/wp-content/uploads/2016/07/storia_uomo_caffe_INT-600x70.jpg 600w" sizes="auto, (max-width: 1690px) 100vw, 1690px" /></p>
<p style="text-align: justify;">Nunzio Termini consecrated his whole life to the Company that he named after him, &#8220;Moka Termini&#8221;. He went a long way from opening an old fashioned coffee bar in the 1930s, to achieving a huge industrial plant in the modern Palermo. Then, when he reached the age we usually think good for retiring, after a lifetime entirely dedicated to his Company, he devoted himself to making a dream come true. At the age of seventy, this coffee artist went on the grand journey to Brazil. He paid a visit to those coffee plantations he had purchased raw beans from for decades. He went to select personally, bean by bean, the blend destined to be his masterpiece. The &#8220;Caffè del Professore&#8221; outstanding coffee blend was about to be born. In Brazil, he used to spend the whole day observing coffee plants. A particular kind of bean, that grew higher on the plant, drew his attention. Coffee beans usually come in pairs: these special ones were lonely in their pod, having a rounder shape. Natives called that bean &#8220;Caracolito&#8221;, a name that has music in itself&#8230; Those beans owned that particular fragrance, taste and energy that were to give &#8220;Caffè del Professore&#8221; its unique &#8220;aroma&#8221;. Mister Termini went back to Palermo carrying hundreds of samples, each labeled and classified. The hardest work was yet to begin. In his wonderful &#8220;villa&#8221; in San Martino delle Scale, a few hills away from his beloved Palermo, Mister Termini weighted, blended and toasted his precious beans and carried them personally at his coffee bar, the ancient one close to the Vucciria Market, the morning after to have them served. His attempts were unnumbered and many (clients, employees, friends) had a chance to express their opinion. It took him two years to achieve perfection. A masterpiece of coffee was born: &#8220;Caffè del Professore&#8221;.</p>

<!-- This site is optimized with the Yoast SEO plugin v23.3 - https://yoast.com/wordpress/plugins/seo/ -->
<title>Caffè del Professore - Storia - L&#039;uomo del caffè</title>
<meta name="description" content="Nunzio Termini dedicò tutta la vita all&#039;azienda che ancora oggi porta il suo nome, Moka Termini." />
<meta name="robots" content="index, follow, max-snippet:-1, max-image-preview:large, max-video-preview:-1" />
<link rel="canonical" href="https://ilcaffedelprofessore.it/storia/luomo-del-caffe/" />
<meta property="og:locale" content="en_US" />
<meta property="og:type" content="article" />
<meta property="og:title" content="Caffè del Professore - Storia - L&#039;uomo del caffè" />
<meta property="og:description" content="Nunzio Termini dedicò tutta la vita all&#039;azienda che ancora oggi porta il suo nome, Moka Termini." />
<meta property="og:url" content="https://ilcaffedelprofessore.it/storia/luomo-del-caffe/" />
<meta property="og:site_name" content="Caffè del Professore Italy" />
<meta property="article:publisher" content="https://www.facebook.com/caffedelprofessoreitalia" />
<meta property="article:modified_time" content="2016-11-28T16:04:01+00:00" />
<meta property="og:image" content="http://ilcaffedelprofessore.it/wp-content/uploads/2016/07/storia_uomo_caffe_INT.jpg" />
<meta name="twitter:card" content="summary_large_image" />
<meta name="twitter:label1" content="Est. reading time" />
	<meta name="twitter:data1" content="4 minutes" />
<script type="application/ld+json" class="yoast-schema-graph">{"@context":"https://schema.org","@graph":[{"@type":"WebPage","@id":"https://ilcaffedelprofessore.it/storia/luomo-del-caffe/","url":"https://ilcaffedelprofessore.it/storia/luomo-del-caffe/","name":"Caffè del Professore - Storia - L'uomo del caffè","isPartOf":{"@id":"https://ilcaffedelprofessore.it/en/#website"},"primaryImageOfPage":{"@id":"https://ilcaffedelprofessore.it/storia/luomo-del-caffe/#primaryimage"},"image":{"@id":"https://ilcaffedelprofessore.it/storia/luomo-del-caffe/#primaryimage"},"thumbnailUrl":"http://ilcaffedelprofessore.it/wp-content/uploads/2016/07/storia_uomo_caffe_INT.jpg","datePublished":"2016-07-11T17:54:42+00:00","dateModified":"2016-11-28T16:04:01+00:00","description":"Nunzio Termini dedicò tutta la vita all'azienda che ancora oggi porta il suo nome, Moka Termini.","breadcrumb":{"@id":"https://ilcaffedelprofessore.it/storia/luomo-del-caffe/#breadcrumb"},"inLanguage":"en-US","potentialAction":[{"@type":"ReadAction","target":["https://ilcaffedelprofessore.it/storia/luomo-del-caffe/"]}]},{"@type":"ImageObject","inLanguage":"en-US","@id":"https://ilcaffedelprofessore.it/storia/luomo-del-caffe/#primaryimage","url":"http://ilcaffedelprofessore.it/wp-content/uploads/2016/07/storia_uomo_caffe_INT.jpg","contentUrl":"http://ilcaffedelprofessore.it/wp-content/uploads/2016/07/storia_uomo_caffe_INT.jpg"},{"@type":"BreadcrumbList","@id":"https://ilcaffedelprofessore.it/storia/luomo-del-caffe/#breadcrumb","itemListElement":[{"@type":"ListItem","position":1,"name":"Home","item":"https://ilcaffedelprofessore.it/"},{"@type":"ListItem","position":2,"name":"Background","item":"https://ilcaffedelprofessore.it/en/storia/"},{"@type":"ListItem","position":3,"name":"L&#8217;uomo del caffè"}]},{"@type":"WebSite","@id":"https://ilcaffedelprofessore.it/en/#website","url":"https://ilcaffedelprofessore.it/en/","name":"Caffè del Professore Italy","description":"Coffee industry","potentialAction":[{"@type":"SearchAction","target":{"@type":"EntryPoint","urlTemplate":"https://ilcaffedelprofessore.it/en/?s={search_term_string}"},"query-input":"required name=search_term_string"}],"inLanguage":"en-US"}]}</script>
<!-- / Yoast SEO plugin. -->

Caffè del Professore - Storia - L'uomo del caffè

Nunzio Termini dedicò tutta la vita all'azienda che ancora oggi porta il suo nome, Moka Termini.

Caffè del Professore Italy

L&#8217;uomo del caffè
